usands digit of 665879?
5
What is the hundreds digit of 6631116?
1
What is the tens digit of 30010250?
5
What is the millions digit of 2066617?
2
What is the thousands digit of 3024635?
4
What is the hundreds digit of 27279857?
8
What is the hundred thousands digit of 407157?
4
What is the ten thousands digit of 22466147?
6
What is the ten thousands digit of 891471?
9
What is the units digit of 7071814?
4
What is the tens digit of 26147302?
0
What is the tens digit of 156078?
7
What is the units digit of 249892?
2
What is the hundreds digit of 1673164?
1
What is the units digit of 563597?
7
What is the ten millions digit of 17116742?
1
What is the units digit of 375411?
1
What is the hundred thousands digit of 587467?
5
What is the tens digit of 1197395?
9
What is the units digit of 199922?
2
What is the hundreds digit of 536019?
0
What is the thousands digit of 471876?
1
What is the hundred thousands digit of 5924537?
9
What is the units digit of 91793?
3
What is the millions digit of 21250673?
1
What is the hundred thousands digit of 661756?
6
What is the hundreds digit of 8726372?
3
What is the units digit of 899102?
2
What is the ten thousands digit of 2398586?
9
What is the ten thousands digit of 28658094?
5
What is the tens digit of 218345?
4
What is the millions digit of 1049139?
1
What is the thousands digit of 2516179?
6
What is the thousands digit of 68494?
8
What is the ten thousands digit of 7079065?
7
What is the tens digit of 10415915?
1
What is the units digit of 1889?
9
What is the tens digit of 174384?
8
What is the hundred thousands digit of 273924?
2
What is the hundreds digit of 1403930?
9
What is the tens digit of 651649?
4
What is the hundreds digit of 40532378?
3
What is the hundreds digit of 416640?
6
What is the thousands digit of 3215618?
5
What is the thousands digit of 5296553?
6
What is the units digit of 262224?
4
What is the ten thousands digit of 744171?
4
What is the tens digit of 6466975?
7
What is the tens digit of 58083?
8
What is the ten thousands digit of 2483189?
8
What is the tens digit of 152618?
1
What is the units digit of 314271?
1
What is the units digit of 12874692?
2
What is the thousands digit of 4221760?
1
What is the tens digit of 192040?
4
What is the ten thousands digit of 68176?
6
What is the millions digit of 3504015?
3
What is the thousands digit of 4051242?
1
What is the thousands digit of 232330?
2
What is the tens digit of 2057281?
8
What is the thousands digit of 21339024?
9
What is the thousands digit of 4074136?
4
What is the tens digit of 8178007?
0
What is the ten thousands digit of 3647104?
4
What is the ten millions digit of 11394356?
1
What is the ten thousands digit of 127639?
2
What is the ten thousands digit of 47190?
4
What is the ten thousands digit of 238027?
3
What is the ten thousands digit of 1812947?
1
What is the ten thousands digit of 261693?
6
What is the hundred thousands digit of 4394193?
3
What is the units digit of 11268157?
7
What is the thousands digit of 227110?
7
What is the hundreds digit of 10857050?
0
What is the tens digit of 1507?
0
What is the tens digit of 3567179?
7
What is the hundreds digit of 545626?
6
What is the hundreds digit of 10935?
9
What is the ten thousands digit of 57737?
5
What is the hundreds digit of 462723?
7
What is the thousands digit of 265279?
5
What is the hundred thousands digit of 823643?
8
What is the hundreds digit of 1857734?
7
What is the ten thousands digit of 1541570?
4
What is the hundred thousands digit of 1896607?
8
What is the hundreds digit of 1591884?
8
What is the ten thousands digit of 1132499?
3
What is the hundreds digit of 119888?
8
What is the units digit of 1859405?
5
What is the units digit of 4065064?
4
What is the hundred thousands digit of 23625204?
6
What is the thousands digit of 3607847?
7
What is the thousands digit of 6975373?
5
What is the thousands digit of 784160?
4
What is the units digit of 720932?
2
What is the thousands digit of 3548946?
8
What is the units digit of 360851?
1
What is the hundreds digit of 34382?
3
What is the ten thousands digit of 19232?
1
What is the thousands digit of 3208248?
8
What is the hundreds digit of 57849?
8
What is the units digit of 6876?
6
What is the units digit of 6336?
6
What is the hundred thousands digit of 114136?
1
What is the ten thousands digit of 1218315?
1
What is the thousands digit of 461227?
1
What is the millions digit of 1047903?
1
What is the hundreds digit of 2161997?
9
What is the thousands digit of 1102034?
2
What is the hundred thousands digit of 965906?
9
What is the thousands digit of 14956920?
6
What is the ten thousands digit of 16012546?
1
What is the hundred thousands digit of 6351315?
3
What is the ten millions digit of 10446229?
1
What is the thousands digit of 2976554?
6
What is the ten thousands digit of 948237?
4
What is the tens digit of 2893687?
8
What is the thousands digit of 1353433?
3
What is the tens digit of 11771298?
9
What is the millions digit of 6827007?
6
What is the hundreds digit of 8342381?
3
What is the hundred thousands digit of 7774995?
7
What is the ten thousands digit of 747964?
4
What is the tens digit of 26185318?
1
What is the tens digit of 2144932?
3
What is the units digit of 3544794?
4
What is the ten thousands digit of 4285721?
8
What is the tens digit of 8907625?
2
What is the tens digit of 9079440?
4
What is the hundred thousands digit of 198980?
1
What is the thousands digit of 420151?
0
What is the units digit of 313540?
0
What is the ten thousands digit of 5515284?
1
What is the ten thousands digit of 78011?
7
What is the hundred thousands digit of 199784?
1
What is the hundreds digit of 17222700?
7
What is the hundred thousands digit of 19727461?
7
What is the ten thousands digit of 2724668?
2
What is the ten thousands digit of 7029817?
2
What is the thousands digit of 399213?
9
What is the thousands digit of 739250?
9
What is the units digit of 352645?
5
What is the hundreds digit of 3353296?
2
What is the millions digit of 4056840?
4
What is the tens digit of 25468478?
7
What is the ten thousands digit of 2027357?
2
What is the hundreds digit of 208096?
0
What is the ten thousands digit of 8883895?
8
What is the tens digit of 4781785?
8
What is the ten thousands digit of 309450?
0
What is the ten thousands digit of 682022?
8
What is the ten thousands digit of 310588?
1
What is the hundreds digit of 1806149?
1
What is the hundreds digit of 486809?
8
What is the millions digit of 26653139?
6
What is the tens digit of 2803354?
5
What is the hundreds digit of 2252762?
7
What is the thousands digit of 10261870?
1
What is the hundred thousands digit of 910400?
9
What is the ten thousands digit of 693857?
9
What is the ten thousands digit of 96209?
9
What is the thousands digit of 176374?
6
What is the millions digit of 6113398?
6
What is the ten thousands digit of 7819912?
1
What is the hundreds digit of 3151803?
8
What is the ten millions digit of 28259638?
2
What is the hundreds digit of 4093432?
4
What is the hundred thousands digit of 716207?
7
What is the millions digit of 6687193?
6
What is the ten thousands digit of 4346014?
4
What is the hundreds digit of 3794708?
7
What is the ten thousands digit of 7102478?
0
What is the hundred thousands digit of 482561?
4
What is the hundreds digit of 40218?
2
What is the ten millions digit of 13290762?
1
What is the hundreds digit of 5458253?
2
What is the tens digit of 18486977?
7
What is the units digit of 2258167?
7
What is the tens digit of 5141284?
8
What is the tens digit of 886076?
7
What is the hundred thousands digit of 32379532?
3
What is the tens digit of 369307?
0
What is the hundreds digit of 282521?
5
What is the thousands digit of 81774?
1
What is the thousands digit of 4295905?
5
What is the units digit of 231225?
5
What is the thousands digit of 3102369?
2
What is the units digit of 2113435?
5
What is the ten thousands digit of 266016?
6
What is the tens digit of 796486?
8
What is the hundreds digit of 853589?
5
What is the units digit of 2454?
4
What is the tens digit of 616171?
7
What is the tens digit of 817474?
7
What is the tens digit of 118920?
2
What is the hundreds digit of 209979?
9
What is the ten thousands digit of 250438